?
-22011220102
Convert 3630076 (base 10) to base 9.
6742467
557574 (base 9) to base 2
1010001011100111001
1011001011111111110 (base 2) to base 15
73945
What is -292731 (base 10) in base 2?
-1000111011101111011
12322444 (base 5) to base 9
203108
What is 410467 (base 8) in base 5?
13313404
2a305d (base 16) to base 12
b14079
-280729 (base 10) to base 15
-582a4
-131324233 (base 5) to base 16
-9f22a
-56200262 (base 7) to base 2
-10010100001111000010101
Convert 12212011112 (base 3) to base 10.
115304
Convert -31311d (base 14) to base 11.
-a34493
48711 (base 10) to base 16
be47
-25948 (base 12) to base 10
-51464
-1394170 (base 10) to base 7
-14564431
What is 100853 (base 11) in base 16?
2791d
What is 60352 (base 11) in base 3?
11111002010
What is -10100101001101010 (base 2) in base 14?
-22b7c
What is 207a0a (base 13) in base 7?
6312524
What is 11243320 (base 6) in base 16?
54fc0
Convert -1000101100000101100011 (base 2) to base 14.
-434111
What is 43203405 (base 6) in base 15?
1a315b
Convert -2834679 (base 10) to base 12.
-b48533
What is -310313332 (base 4) in base 3?
-102000002021
Convert 1522316 (base 7) to base 12.
9bb98
Convert 3010233 (base 4) to base 13.
5967
What is 237724 (base 8) in base 10?
81876
What is -560117 (base 8) in base 15?
-3acb5
Convert a4b7 (base 12) to base 13.
8263
Convert -100449 (base 10) to base 5.
-11203244
-311203121 (base 4) to base 16
-358d9
Convert -47704 (base 12) to base 8.
-273464
Convert 454202 (base 9) to base 10.
272081
Convert -21c51 (base 14) to base 8.
-240117
12421423 (base 5) to base 6
2351043
Convert 73a117 (base 12) to base 4.
12330230203
Convert 505730 (base 11) to base 10.
812790
What is 160a27 (base 14) in base 5?
144122230
What is -2631222 (base 7) in base 9?
-573540
Convert -214012330 (base 6) to base 4.
-32212132332
What is -21107747 (base 8) in base 5?
-2122241122
What is -8398500 (base 11) in base 6?
-1245104155
10011001101 (base 3) to base 10
62002
What is -316725 (base 11) in base 2?
-1111011101100011110
What is -2e247 (base 16) in base 10?
-188999
What is 544a (base 11) in base 12?
41b5
25a32 (base 16) to base 8
455062
Convert 256de (base 16) to base 15.
3065a
3324231 (base 6) to base 16
28bbb
What is -2372638 (base 9) in base 5?
-312203220
-224615 (base 9) to base 7
-1100345
Convert fa0a (base 16) to base 2.
1111101000001010
Convert -21323333 (base 4) to base 16.
-9eff
Convert 1202101221 (base 3) to base 2.
1000011011111110
Convert -46b16 (base 12) to base 2.
-10111001011000010
3818615 (base 9) to base 7
23450666
What is -168a21 (base 11) in base 14?
-6b070
Convert -44054a (base 11) to base 12.
-29b0ab
-87d23 (base 15) to base 4
-1221113133
What is -712661 (base 10) in base 14?
-147a05
-103232200201 (base 4) to base 16
-4ee821
What is 1273984 (base 10) in base 5?
311231414
Convert 4514543 (base 6) to base 11.
146226
-476560 (base 10) to base 11
-2a6057
Convert -3415240 (base 11) to base 16.
-5b4135
What is -140504 (base 15) in base 6?
-32350204
What is 31d92d (base 15) in base 7?
26120206
What is -21201220002212 (base 3) in base 5?
-2023033022
Convert 1011000110000001110 (base 2) to base 13.
c9612
35542 (base 8) to base 9
22761
What is -8aaa4a (base 11) in base 14?
-29a2c0
What is -15e6b7 (base 15) in base 10?
-1061272
Convert 100011010011000011 (base 2) to base 4.
203103003
111001101010001101110000 (base 2) to base 11
8594239
195897 (base 11) to base 12
125b19
-2a211 (base 16) to base 11
-108714
What is -3864423 (base 10) in base 5?
-1442130143
-21031103100 (base 4) to base 10
-2413776
What is 1e975 (base 15) in base 7?
564401
Convert -125223130 (base 6) to base 15.
-3433c9
What is 44b40 (base 13) in base 11?
85965
1583032 (base 10) to base 2
110000010011110111000
Convert -3a990 (base 14) to base 12.
-6b802
What is 1996516 (base 11) in base 15?
465e82
Convert 1085a7 (base 12) to base 15.
5311d
What is -db0dd0 (base 14) in base 8?
-34226272
43493 (base 10) to base 14
11bc9
Convert -32150531 (base 6) to base 13.
-2723c5
Convert 13304423 (base 5) to base 10.
134988
Convert 8c009 (base 13) to base 11.
164532
Convert -1113634 (base 7) to base 10.
-138205
2582b2 (base 15) to base 11
1019a92
What is 100100000101110010011 (base 2) in base 14?
22ada3
Convert 248170 (base 12) to base 5.
123012120
What is 204432342 (base 5) in base 8?
3214550
Convert -13a0b (base 12) to base 16.
-6aeb
1b2a98 (base 12) to base 13
13b494
3cd946 (base 16) to base 5
2010102112
49732 (base 12) to base 10
99542
Convert 4a935a (base 11) to base 4.
3010003031
Convert -30aa0a (base 15) to base 11.
-134070a
11322021313 (base 4) to base 12
628447
What is -6b1c (base 16) in base 11?
-19668
102002465 (base 7) to base 6
332342312
-1044015 (base 8) to base 14
-74381
What is 2bb8448 (base 12) in base 3?
121211210101102
Convert -669cf (base 16) to base 12.
-183293
What is 15157 (base 15) in base 7?
401455
Convert 20355121 (base 6) to base 9.
1100384
What is 654403 (base 8) in base 16?
35903
Convert -18da373 (base 14) to base 13.
-2739916
What is 25302 (base 9) in base 16?
4274
What is -40954 (base 12) in base 10?
-84304
10266400 (base 7) to base 14
18a637
What is -10201212102201 (base 3) in base 10?
-1985383
-42732 (base 14) to base 7
-1236062
Convert -5686864 (base 10) to base 13.
-1241611
1011133020 (base 4) to base 3
112110102100
What is 250620 (base 7) in base 5?
2432202
d049 (base 15) to base 8
125650
Convert 419960 (base 16) to base 13.
b76a64
-425134 (base 9) to base 4
-331302103
-100101110101001100001 (base 2) to base 15
-197484
1510034 (base 7) to base 9
340878
-4363606 (base 7) to base 3
-1000021021201
What is 23400342 (base 5) in base 3?
101221220201
Convert 345245 (base 7) to base 14.
18795
What is 13265024 (base 8) in base 12?
bb6470
What is 17a762 (base 12) in base 4?
1210222322
Convert 100110002100 (base 3) to base 6.
3552530
-4212765 (base 9) to base 4
-20211323123
Convert -11000210103 (base 4) to base 13.
-36c864
-3a144 (base 16) to base 14
-629a4
What is 30772 (base 9) in base 4?
10331123
be7a7 (base 15) to base 11
38420a
1aa1673 (base 11) to base 8
15357572
What is 7358c (base 13) in base 2?
110010101001110111
What is 386092 (base 10) in base 16?
5e42c
Convert -378397 (base 13) to base 9.
-2450154
bb86 (base 12) to base 6
235450
What is 103033030203 (base 4) in base 2?
10011001111001100100011
Convert 168b4a (base 13) to base 14.
108c20
5b0537 (base 13) to base 3
11002022202221
Convert 146634662 (base 7) to base 12.
3382592
Convert 94a2 (base 16) to base 3.
1221012021
Convert -464500 (base 10) to base 8.
-1613164
What is 101001000010110011 (base 2) in base 9?
275544
-222223040 (base 5) to base 16
-ee705
What is -100111110100101 (base 2) in base 3?
-1000222011
201010000110 (base 3) to base 8
1336560
What is 1c2aa9 (base 13) in base 5?
141021443
Convert 21ab2 (base 16) to base 13.
4aa02
What is 3046453 (base 10) in base 3?
12201202221121
Convert 3277976 (base 13) to base 3.
1002001102121112
Convert -3212653 (base 8) to base 4.
-3101112223
3231828 (base 9) to base 12
6b722b
-a1b9 (base 12) to base 13
-7cc2
What is 3a5526 (base 11) in base 6?
21352215
2a169 (base 13) to base 10
79348
What is -202111002 (base 4) in base 2?
-100010010101000010
Convert 19458 (base 16) to base 7.
610533
1d978b (base 15) to base 10
1449581
What is -2646663 (base 7) in base 4?
-1110333231
290164 (base 13) to base 10
999886
What is 2587191 (base 10) in base 15?
361896
83aa8 (base 16) to base 6
15320440
-1112221120 (base 3) to base 4
-13131303
Convert 2804020 (base 12) to base 4.
132121230120
Convert 31224401 (base 7) to base 9.
4845262
Convert 645833 (base 10) to base 15.
cb558
What is 25412 (base 11) in base 4?
20321102
What is -3263863 (base 10) in base 12?
-1114987
721105 (base 8) to base 10
238149
What is 4220311 (base 5) in base 7?
411214
Convert 77359 (base 15) to base 16.
5c787
What is -1130031 (base 6) in base 2?
-1110001111100011
4a92a (base 15) to base 12
b5ab7
Convert 103006044 (base 7) to base 4.
113112012132
-1887185 (base 9) to base 11
-665645
Convert -18c344 (base 14) to base 2.
-11010110100010001000
-18a198 (base 14) to base 6
-30413150
What is 101110101011001 (base 2) in base 13?
ab53
What is -2729a (base 12) in base 10?
-53974
Convert -8d54f (base 16) to base 15.
-b67d0
3456623 (base 7) to base 2
1101010000101110101
Convert -